 56 and v?
14
Suppose -6*n + 105 = -165. Suppose -2*x + z - 4*z = 2, -3*x + 5*z - 3 = 0. Let j be (1 + 4)/(2 + x). Calculate the greatest common factor of j and n.
5
Suppose -4*b + q = -68, 10*q - 110 = -5*b + 5*q. Calculate the greatest common factor of 2 and b.
2
Suppose 0 = 7*q - 5*q - 40. Let p = -15 + q. Calculate the highest common divisor of p and 10.
5
Suppose -40 = 20*o - 24*o. Calculate the highest common factor of o and 110.
10
Let d = -55 - -57. What is the highest common divisor of 2 and d?
2
Let j(v) = v**3 - 5*v**2 + 5*v - 5. Let k be j(5). Calculate the greatest common divisor of k and 40.
20
Let p be (-4)/5 + (-4440)/(-50). Calculate the highest common divisor of 8 and p.
8
Let h be 2 + 8 - (-1)/1. Calculate the greatest common factor of 88 and h.
11
Let m(l) = 20*l**2 - 2*l + 2. Let q = 9 + -8. Let v be m(q). Suppose 12 = 3*r - 0*r. What is the greatest common divisor of v and r?
4
Let r(a) = a**2 - 6*a - 4. Let o be r(7). Suppose -j + 1 = -2*j - g, o = -4*j - 3*g. Suppose j*z + 36 = 3*z. What is the highest common factor of 4 and z?
4
Let b(d) = -d + 6. Let x be b(5). Let h be (-24)/x*13/(-3). Let c be (-1)/(-2 + 25/13). Calculate the greatest common factor of h and c.
13
Let s = 7 + -3. Suppose -y + 0 - 75 = -4*j, 0 = 4*j + y - 85. What is the greatest common factor of s and j?
4
Let k(d) = -3*d - 2. Let o be k(-1). Let z be 0 + o + (10 - 8). What is the highest common factor of z and 24?
3
Suppose 0 = 4*z - 174 + 46. Let l be (-22)/(-5)*(-7 + z). Calculate the greatest common factor of l and 10.
10
Let y = 4 - 1. Suppose y*n - 130 = -5*w, 0*n - 2*n + w + 65 = 0. Suppose -g + 2*a + 9 = 0, 3*g - 29 = -g + a. What is the highest common factor of n and g?
7
Suppose s = -4*s + 990. Let i be (-3*(-3 - 0))/1. Suppose -i*g + 18 = -8*g. What is the greatest common factor of s and g?
18
Suppose 0 = 3*v + 6*w - w - 26, -5*v + 56 = 2*w. What is the highest common factor of 2 and v?
2
Let t be 105*(-8)/20*-3. Calculate the highest common divisor of 14 and t.
14
Suppose 0 = -0*p + 9*p - 792. What is the greatest common divisor of 11 and p?
11
Suppose 0*y - 3 = -2*y - q, 5*q = 2*y - 33. Suppose y*f = 43 - 7. Suppose -f + 29 = 2*h. Calculate the highest common divisor of 4 and h.
2
Let x(d) = d**2 + 3*d + 9. Let c be x(-6). What is the greatest common factor of c and 18?
9
Suppose -5*l + 0*l = -60. What is the highest common factor of 132 and l?
12
Suppose p + y = -0*y + 3, 0 = 5*p + 2*y - 6. Suppose -5*l + 0*l + 135 = p. Suppose 2*r = 4 + 14. What is the highest common factor of r and l?
9
Let d = -101 + 185. What is the highest common factor of d and 210?
42
Let t(u) = u**2 - 7*u + 4. Let s be t(9). What is the highest common divisor of 176 and s?
22
Suppose 7*t - t = 90. Calculate the highest common factor of 240 and t.
15
Suppose -4*j + 6 = 2. Suppose 1 = y - 0*y. Calculate the highest common divisor of y and j.
1
Suppose 138 = 5*r - 127. Suppose 2*u + 17 = -2*j + r, 2*j + 4*u = 36. What is the highest common factor of j and 45?
9
Let y = 20 + -15. Suppose -2 = -3*b + 7, -2*b - 164 = -y*o. Calculate the highest common divisor of o and 85.
17
Let n(b) = -4 + 4 + 18*b + b. Let v = 1 - 0. Let z be n(v). What is the greatest common divisor of 19 and z?
19
Suppose 53 = 2*x + 3*g, 0 = -5*x - 0*x + g + 141. What is the greatest common divisor of x and 42?
14
Suppose 5*y - y - 24 = 0. Let m be (-9 + 11)*(0 + 2). Calculate the greatest common factor of y and m.
2
Let x be ((-32)/16)/(4/(-38)). Calculate the highest common factor of x and 209.
19
Let t = 3 - 1. Suppose t*n - 12 = -4*b, -7*n + 3*n + 3*b = -13. Suppose 2*f + 5*o - 37 = 0, -n*f - 2*o = o - 67. Calculate the highest common factor of 8 and f.
8
Suppose -4*o + 4*i = -44, -4*i + 27 = o - 4. Let h be 310/o*(4 + -1). Calculate the greatest common divisor of 155 and h.
31
Let g(q) = -q**3 + 5*q**2 + 2. Let n be g(5). Suppose 0 = 4*z + 5*p - 116, 5*z = n*p + 2*p + 104. What is the highest common factor of 3 and z?
3
Let u = 66 - 36. Calculate the greatest common factor of 12 and u.
6
Suppose -4*h + 154 = 4*d - 2*d, -3*d = 5*h - 191. What is the highest common factor of 10 and h?
10
Suppose -3*r = 2*k - 11, r + 4*k + 16 = 3. Suppose 21*w = 506 + 229. Calculate the highest common factor of r and w.
7
Let u(m) = -40*m + 2. Suppose -2*s + 8 = -5*q - 1, -q - 11 = -5*s. Let k be u(q). Calculate the greatest common factor of k and 6.
6
Let u = -4 + 6. Suppose -3*m + 17 = u*x, 4*m - 8 = 2*x + 10. Suppose -6*q - 4 + 22 = 0. Calculate the greatest common divisor of x and q.
1
Let p be (-1 + 12/9)*6. Let j = -4 + p. Let v be (-18)/(-1) - (4 + j). Calculate the highest common divisor of v and 24.
8
Suppose 6*d - 69 = 27. What is the greatest common factor of 112 and d?
16
Suppose 4*p + 61 = -5*j, 25 = -3*j - 2*j. Let z(m) = -m**2 - 12*m - 11. Let d be z(p). What is the greatest common factor of d and 24?
8
Let s(b) = 24*b - 1. Let r be s(1). Calculate the greatest common divisor of r and 46.
23
Suppose 6*b - b = 20. What is the greatest common divisor of 8 and b?
4
Let q be -9*(0 + -2 - -1). Suppose 52 - 46 = w. Calculate the greatest common divisor of w and q.
3
Suppose 123 = 3*v + 3*z, -2*z = 2*v - z - 77. Let y = v + -20. What is the highest common factor of 176 and y?
16
Suppose 11*o - 6*o = 60. Calculate the highest common factor of o and 132.
12
Let f be -12*(81/(-12) - -2). Suppose -f = -h - 5*g + 23, 0 = -2*h + 3*g + 108. Calculate the highest common divisor of 20 and h.
20
Suppose 3*v = -5*l + 1 + 9, -2*v - 8 = -4*l. Let q be -2*l + (-96)/(-4). What is the highest common factor of q and 40?
20
Let w(z) = -18*z + 9. Let o be w(-8). Suppose o + 11 = 4*h. Suppose -5*s - h = -d - 6, -d = 5*s - 35. Calculate the highest common divisor of 7 and d.
7
Let d = -3 - -7. Suppose 0 = -4*c - 3*i + 138 + 74, -3*c - 5*i = -159. Suppose 3*s - c = 31. Calculate the greatest common factor of s and d.
4
Suppose 0 = 8*u - 160 - 624. Suppose -3*k + 440 = k. Let z be (-2)/(-8) + k/8. Calculate the greatest common factor of u and z.
14
Suppose -5*c + 2*h + 3*h + 65 = 0, 0 = 4*h. Let d be (-10)/(-25) + (-126)/(-10). What is the greatest common divisor of c and d?
13
Let k = 123 + -112. Suppose 8*j - 231 = 5*j. Calculate the greatest common divisor of j and k.
11
Suppose -5*c - 2*l + 448 = 0, -4 = -5*l - 9. Let h = 30 - 12. What is the greatest common factor of h and c?
18
Suppose 0*q - 1040 = -2*q. Suppose 0 = -9*s + 4*s + q. What is the greatest common factor of 13 and s?
13
Let c(r) be the first derivative of 25*r**3/3 - 2*r + 3. Let q be c(-2). What is the greatest common factor of q and 14?
14
Let u be (-88)/(-12)*45 + 0 + -1. What is the highest common factor of 47 and u?
47
Suppose 2*d - 5*d + 6 = 0. Suppose d*b + 50 = 7*b. Calculate the highest common divisor of 2 and b.
2
Let u = 236 - 60. What is the highest common divisor of u and 22?
22
Let k(u) = u + 11. Let q be k(4). Suppose -4*h + 197 - 77 = 0. Calculate the greatest common divisor of h and q.
15
Suppose 0 = -3*i + 4*a - 14, -5*i - a = -0*i - 15. Let g = i + 4. Let s(n) = 15*n. Let o be s(2). Calculate the greatest common factor of o and g.
6
Let l = 15 + -9. Let i be (-2)/l + (-22)/6. Let s be 34 - i/(-1*2). What is the highest common divisor of 80 and s?
16
Let l = 14 - -4. What is the highest common divisor of l and 24?
6
Suppose -19 = -3*x + 17. Let h be 22 + (4/1)/2. Calculate the highest common factor of h and x.
12
Let f be (-2)/(-4)*-2 + 8. Suppose f = 4*d - 13. Let u = 18 - -7. What is the highest common factor of u and d?
5
Let c = -93 + 108. Calculate the highest common factor of 45 and c.
15
Let m be (-10)/4*8/(-10). Let t(c) = -c**2 - 6*c + 4. Let y be t(-6). What is the greatest common divisor of y and m?
2
Let l be 12/(3/14 - 0). Suppose -3*d + l = -u, -3*d + 2*d = u - 16. Let o(q) = -q**3 - q**2 - q. Let s be o(-2). What is the highest common divisor of s and d?
6
Suppose 0 = -z - 2 - 3. Let g = z - -8. What is the highest common factor of g and 24?
3
Let x be (-6)/(-2*(-4)/(-8)). What is the highest common factor of 48 and x?
6
Suppose 3*c + c = -20. Let u be (-2)/(-5) + 36/10. Let d be (-8)/((c + 3)/u). Calculate the highest common factor of d and 32.
16
Suppose -2*b + 39 + 17 = 4*z, -3*b + 120 = -3*z. Calculate the highest com